 q(a) = -a**3 + 24*a**2 - a + 24. Let p be q(24). Let o(d) = -d**2 + d + 11. Give o(p).
11
Suppose -2 = n - 6. Let j(o) = 3 + o**2 - 3 + n - 6*o + 0*o. Determine j(6).
4
Suppose -2*y + 1 = 13. Let s(i) = -i**3. Let c(p) = -2 + 1 - 5*p**3 - 2*p**3 + p**2. Let q(g) = y*s(g) + c(g). Give q(0).
-1
Let g(v) be the third derivative of -v**4/12 - 5*v**3/2 - 32*v**2. Calculate g(-10).
5
Let u(j) = -2*j**2 + j - 2. Let n(i) = -i**3 + 4*i**2 + 3. Let g be n(4). Calculate u(g).
-17
Let d(c) be the third derivative of c**6/120 + c**5/12 + c**4/12 - c**3/3 + 4*c**2. Give d(-2).
6
Let n(h) be the second derivative of -h**4/12 - h**3 + 9*h**2/2 - 134*h. Suppose -4*q - 20 = -o - o, 3*o + 40 = -4*q. Determine n(q).
2
Let a(s) be the third derivative of s**4/12 - s**3/3 - s**2. Suppose 4*j + 5 = 21. Let q(f) = f**2 - 2*f - 4. Let b be q(j). Give a(b).
6
Let c(q) be the third derivative of q**6/360 + q**5/120 + 3*q**4/8 - 2*q**3/3 + 5*q**2. Let o(b) be the first derivative of c(b). Determine o(0).
9
Let j(x) = -2*x + 7*x**2 + 7 + 8*x**2 + 8*x**2 - 24*x**2. Determine j(-5).
-8
Let p(v) = -2*v**2 + 2*v**2 + v**2 + 10. Suppose -15*u + 11*u = -24. Suppose 0 = -0*n - 3*n + u, 0 = 4*i + n - 2. Calculate p(i).
10
Suppose 22 = -11*z - 33. Let v(p) = p**2 + 6*p + 7. Determine v(z).
2
Let a(q) = q - 1. Let w(i) = i**2 - 2*i - 1. Let g(c) = -2*a(c) + w(c). Determine g(4).
1
Let d(v) = v**2 + v - 4. Let y = 11 - 8. Let o be d(y). Let w be 2/o - 2/8. Let t(q) = -q**2 + q - 5. What is t(w)?
-5
Let h(w) be the first derivative of -w**4/4 + w**3/3 - w**2/2 + w + 31. Give h(1).
0
Let y(w) = -2*w**2 - w + 11. Let x(m) = m**3 - m**2 - m + 1. Let g(k) = -x(k) + y(k). Give g(0).
10
Let g(a) = 0 + 0*a - 5 + 4*a + 2 + a**2. Give g(2).
9
Let j(z) be the third derivative of z**6/120 - z**5/15 + z**3/2 - 4*z**2. Determine j(3).
-6
Let j = 3 - 1. Let z be ((-20)/(-8))/(j/4). Let r(w) = -7*w**2 - w + 3. Let h(m) = 11*m**2 + 2*m - 4. Let k(s) = 5*h(s) + 8*r(s). Calculate k(z).
-11
Let o(x) = -3*x**2 + x - 1. Let s(w) = -w**2 - w. Let a(k) = o(k) - 2*s(k). Determine a(2).
1
Let i(g) = 6 - 1 + 2*g**3 - g**3 - 4 + 6*g**2. Let c be 3 + (3 - 1)*1. Suppose 5*t = -5*u - 35, 0*u = -2*t + c*u - 7. Calculate i(t).
1
Let g(w) = w - 4. Let p be g(7). Suppose p*j = 2*j + 4. Let c(t) = -t**3 - 1 + 0*t**2 - t**2 - 2*t + j*t. Give c(1).
-1
Let j(a) = -a + 12. Let n be j(16). Let o(u) be the first derivative of u**3/3 + 2*u**2 + 6*u - 1. Determine o(n).
6
Let s(k) = -k**2 + 4 + 2*k + 0 - 5*k. Let h be 5/(5/(-2)) + 22. Suppose 9*c = 4*c - h. What is s(c)?
0
Let d(x) be the first derivative of 5*x**4/4 - x**2/2 - 11. Calculate d(-1).
-4
Let t(k) = -2*k + 2. Suppose -d = 0, -3*b + d + 4*d = 12. Let c = b + 7. Determine t(c).
-4
Let c = 4 - 1. Suppose 2*l = -3*m - 3, 0 = -2*m + l + 3 - 5. Let q(d) = 5*d - 3. Let g(r) = r + 1. Let x(t) = c*g(t) + m*q(t). Calculate x(4).
-2
Let p(a) = 9*a - 77. Let j be p(8). Let o(k) be the second derivative of k**5/20 + 5*k**4/12 + k**3/6 - 3*k**2/2 - k. What is o(j)?
-8
Let r(k) be the third derivative of -3*k**6/40 - k**5/60 - 20*k**2. What is r(-1)?
8
Let d(f) = -26 + 63 - 33 - f**2 - f**3 + 5*f. Let w(t) = t**3 - 2*t**2 - 2*t - 1. Let i be w(3). Suppose y - 1 = h, 2*h = -i*h + 2*y - 8. Determine d(h).
7
Let x(t) = -t**3 - 3*t**2 - t + 1. Suppose -4*b + 15 = b. Suppose -17 = -12*a + 11*a. Suppose -5*w = -6*w - b*d - a, 0 = w + 4*d + 22. What is x(w)?
-1
Let j(s) = -4 + s + 1 - 9*s + 6*s. Let h = 1 + -3. Calculate j(h).
1
Let j(w) be the first derivative of w**2/2 + w - 4. Let k = -26 - -23. Determine j(k).
-2
Let s(j) be the first derivative of 2*j**3/3 - 2*j**2 + 3*j + 1. Suppose -b + 0*b = 0. Let x = b - -2. Calculate s(x).
3
Let m be ((-4)/(-2) - 1)*5. Let n(x) = -3*x**3 + 4*x**2 - 3*x + 5. Let d(c) = -4*c**3 + 3*c**2 - 2*c + 4. Let j(b) = -2*d(b) + 3*n(b). What is j(m)?
7
Suppose 0 = -u + 2. Let m(d) = 7*d - 5*d**3 - u*d**3 + 9 + 4*d**3 + 2*d**3 - 5*d**2. Give m(-6).
3
Let i(z) = z**3 + 3*z**2 + 2*z - 2 + 5 - 4. Let g be (-348)/108 + 2/9. What is i(g)?
-7
Let l(q) = 2*q**2 + 3*q + 2. Let x be l(-2). Let n(t) = t**2 - t - 3. Determine n(x).
9
Suppose 0 = 2*h - k + 5, k + 15 = 3*h + 4*k. Let m be -5*(-1)/((-1)/(-1)). Let v(o) = 3*o + 2. Let j(a) = -4*a - 2. Let b(u) = m*v(u) + 4*j(u). Calculate b(h).
2
Let p be 26/6 + 4/6. Suppose -p*x - 7 = -2*v, x + 1 + 2 = 0. Let s(d) = -4*d + 0*d + 0*d**3 - 5 - d**3 - 4*d**2. What is s(v)?
11
Let t(l) = l**2 - 3*l - 3. Let u be (-9 - 0)/3 + 3 + 3. Determine t(u).
-3
Suppose 4*w - 4*m = 28, 0 = -7*w + 8*w - 2*m - 9. Let s(j) = j**2 - 11*j + 7. Determine s(w).
-23
Suppose 25 = 3*f + 2*f. Let n(z) = -3*z + f + 4*z - 3. Let c = 12 + -14. Determine n(c).
0
Let h(t) be the second derivative of -t**6/360 + t**5/60 - t**4/8 + t**3/2 + 2*t. Let b(i) be the second derivative of h(i). Give b(3).
-6
Let h(x) = x - 5. Let r(t) = -9*t + 39. Let u(n) = 33*h(n) + 4*r(n). Let o(a) = a. Let l(g) = 6*o(g) + u(g). Give l(6).
9
Suppose 2*a - 5*x = 13, -4*a - 5*x + 7 = -a. Let m be a + -6 - (-2)/2. Let n(g) = -g - 1 - 4*g**2 + g**2 + 6*g**2. What is n(m)?
3
Let x(k) = -k - 6. Let v(g) = -g + 2. Let u be v(0). Suppose 0 = 5*y - u*y - 15. What is x(y)?
-11
Let a(r) be the first derivative of -r**3/3 - 7*r**2/2 + 6*r + 20. What is a(-5)?
16
Let v(n) = 4*n + 1. Let i be v(-2). Let r be 21/i*2/(-6). Let z(m) = -2*m + 1. What is z(r)?
-1
Let q(a) be the first derivative of 11*a**2/2 + 2. Let g(n) = n**3 + 21*n**2 + 1. Let p be g(-21). Give q(p).
11
Let b(l) = 2 + 2*l - 1 - l. Let o = 33 - -1. Suppose 2*m + 2*m + 4*x = 32, 3*x - o = -5*m. Determine b(m).
6
Let s(l) = 2*l + 1. Let t = 2 - 0. Suppose -14 + 6 = -t*f. What is s(f)?
9
Suppose 3*m + m = 8. Let g be 3/2*(-8)/m. Let a(l) = -l**2 - 8*l - 7. Give a(g).
5
Let c(k) = k**3 - 5*k**2 - 6*k - 2. Let f be (-6 + 2)*(10/4 - 4). What is c(f)?
-2
Let f(t) be the first derivative of t**2/2 - 8*t + 1. Let g be (-13)/2 - (-1)/2. Let d be 2*g/20*-10. What is f(d)?
-2
Let p = -1 - -6. Suppose -g = -4*g + w + 6, 17 = 2*g - p*w. Let m(q) = 10*q**3 + q**2 - q**2 + g. Give m(-1).
-9
Let b(q) = q**2 + 3*q + 1. Let t be (-9)/(-12) - 26/(-8). Let r = t - 8. What is b(r)?
5
Suppose 4*m + m + 60 = 0. Let h be m/9*(3 + 0). Let t(b) = 4*b**2 + 5*b - 3. Let u(q) = 11*q**2 + 15*q - 9. Let x(s) = 8*t(s) - 3*u(s). Give x(h).
7
Let u(a) = a**3 + 5*a**2 - 2*a - 3. Let w(r) be the first derivative of -r**3/3 - 2*r**2 + 7*r + 3. Let t be w(-6). Determine u(t).
7
Let s(h) = -6*h**2 - 6*h + 3*h**2 - h**2 + 2*h**3 - 2 + 10*h. Calculate s(2).
6
Let h(i) = 285*i + 293*i - 576*i + 3. Suppose -2*t - k = -1 + 2, 0 = 3*t - 2*k - 9. Let l be ((-1)/1)/(t/5). What is h(l)?
-7
Let k be (2/(-3))/((-2)/(-3)). Let r(j) = -8*j**2 - 4*j + 3. Let u(p) = p**2 + p - 1. Let n(g) = k*r(g) - 3*u(g). Give n(-1).
4
Let o(x) = -x**3 + 0*x**3 + 4*x**2 + 4*x + 0*x**3 - 1. Determine o(5).
-6
Let z(i) = -i**2 + 5*i + 1. Suppose 0 = -3*o + 2*l + 9, 7 - 1 = 2*o + l. Let c be 4 + (-3)/o + 0. Suppose -4*r = -2*d - 2*d - 28, -c = 3*d. Determine z(r).
-5
Let q(r) = -9*r + 2. Suppose -5*b - 5*p = 30, -4*b + 5*p + 12 = -0*b. Determine q(b).
20
Let b(o) = -2*o**2 - 5*o + 1. Suppose -13 = j - 2*m + 3*m, -1 = -3*j + 5*m. Let k be (j - 2)*4/10. What is b(k)?
-11
Let x(q) be the third derivative of q**4/24 - q**3/3 + 4*q**2. Determine x(4).
2
Let g(w) = -14*w - 13. Let y(o) = -5*o - 5. Let f(r) = 6*g(r) - 17*y(r). Give f(-5).
2
Let n = -3 + 3. Let i = 4 + n. Let a(j) = -5*j**3 + 3*j**2 + 3*j - 12. Let h(x) = -x**3 + x**2 + x - 1. Let g(l) = i*h(l) - a(l). Determine g(0).
8
Let s(y) = -y**3 + 6*y**2 - 4*y - 2. Suppose 2*z + 16 - 4 = 0. Let k(x) = x**3 + 7*x**2 + 6*x + 5. Let p be k(z). Calculate s(p).
3
Suppose -5*g - 10 = -4*f - 10*g, 4*f - 12 = -4*g. Suppose i = f*i - 4. Let l(p) = -6*p + 1. Give l(i).
-5
Let t(p) = -2*p**3 - 6*p**2 + 2*p + 6. Let o(c) = c**3 + 3*c**2 - c - 3. Let b(m) = -11*o(m) - 6*t(m). Give b(-3).
0
Let q(p) = p**3 - 12*p**2 - p + 14. Let k be q(12). Let t be 21/(-4) - k/(-8). Let y(g) = -g - 11. Determine y(t).
-6
Let q be ((-1)/(-2))/(6/(-12)). Let u = q + 7. Let r(a) = -a**2 + 7*a - 8. Determine r(u).
-2
Let p(n) = -4*n - 7. Let l = 115 - 120. Determine p(l).
13
Let n(v) = v**2 + 9*v - 1 + 0 - v**3 - 3*v**2 + 9*v**2. What is n(8)?
7
Let s(d) = d - 25. Let